{"id":6,"date":"2022-05-22T09:52:42","date_gmt":"2022-05-22T09:52:42","guid":{"rendered":"http:\/\/omcmexico.org\/?page_id=6"},"modified":"2022-05-22T09:52:46","modified_gmt":"2022-05-22T09:52:46","slug":"foro-de-los-pueblos","status":"publish","type":"page","link":"https:\/\/omcmexico.org\/","title":{"rendered":"FORO DE LOS PUEBLOS"},"content":{"rendered":"\n<figure class=\"wp-block-image size-large\"><img loading=\"lazy\" width=\"1024\" height=\"512\" src=\"http:\/\/omcmexico.org\/wp-content\/uploads\/2022\/05\/99-1024x512.jpg\" alt=\"\" class=\"wp-image-12\" srcset=\"https:\/\/omcmexico.org\/wp-content\/uploads\/2022\/05\/99-1024x512.jpg 1024w, https:\/\/omcmexico.org\/wp-content\/uploads\/2022\/05\/99-300x150.jpg 300w, https:\/\/omcmexico.org\/wp-content\/uploads\/2022\/05\/99-768x384.jpg 768w, https:\/\/omcmexico.org\/wp-content\/uploads\/2022\/05\/99-1536x768.jpg 1536w, https:\/\/omcmexico.org\/wp-content\/uploads\/2022\/05\/99-1568x784.jpg 1568w, https:\/\/omcmexico.org\/wp-content\/uploads\/2022\/05\/99.jpg 1585w\" sizes=\"(max-width: 1024px) 100vw, 1024px\" \/><\/figure>\n\n\n\n<p>Desde el mes de noviembre del a\u00f1o 2002 diversas organizaciones y movimientos sociales y civiles, nacionales e internacionales hemos participado en espacios de discusi\u00f3n, reflexi\u00f3n y propuesta en miras de ir construyendo el camino frente a 5\u00aa Reuni\u00f3n Ministerial de la Organizaci\u00f3n Mundial de Comercio (OMC) \u2013Septiembre 10-14 en Canc\u00fan.<\/p>\n\n\n\n<p>Claros en que lejos de homogenizar, este tipo de globalizaci\u00f3n, polariza; y que la \u00fanica alternativa en este momento es unir nuestras voces, acciones y propuestas para una alter-globalizaci\u00f3n o una globalizaci\u00f3n alternativa.<\/p>\n\n\n\n<p><strong>Que hacemos<\/strong><\/p>\n\n\n\n<p>En este caminar hemos ido construyendo diversas iniciativas que permitan articular nuestras demandas, nuestras agendas y nuestra mirada en contra el modelo de globalizaci\u00f3n comercial en el que estamos metidos los pueblos del mundo, y que claramente ha demostrado la exclusi\u00f3n de las mayor\u00edas que d\u00eda a d\u00eda nos vemos afectados en diversos planos. As\u00ed, hemos coincidido en un espacio de di\u00e1logo y de construcci\u00f3n Rumbo a Canc\u00fan.<\/p>\n\n\n\n<p><strong>Objetivo<\/strong><\/p>\n\n\n\n<p>Participar de manera coordinada y organizada en las distintas iniciativas de acci\u00f3n frente a la Cumbre Ministerial de la OMC en el Foro de los Pueblos, y genmerar una discusi\u00f2n sobre las alternativas a las pol\u00ecticas comerciales que impone el mercado y sus grandes capitales<\/p>\n\n\n\n<p><strong>Para qu\u00e9<\/strong><\/p>\n\n\n\n<p>Para acuerpar una serie de demandas diversas, multitem\u00e1ticas y multisectoriales hemos coincidido en construir el Foro de los Pueblos, por una Alternativa Frente al Libre Comercio; desde donde podemos establecer di\u00e1logos y acuerdos desde las distintas preocupaciones que tenemos con respecto a las consecuencias de exclusi\u00f3n que ha causado el libre comercio.<\/p>\n\n\n\n<p>Al mismo tiempo, alrededor del Foro de los Pueblos, existen iniciativas independientes, que manifiestan la diversidad que somos y que nos une y enqirquece; desde este espacio queremos facilitar el fluir de informaci\u00f3n, que nos permita manifestarnos de manera conjunta, desde nuestras propias estrategias.<\/p>\n\n\n\n<p><strong>C\u00f3mo<\/strong><\/p>\n\n\n\n<p>Por medio de un espacio que facilite el di\u00e1logo, la log\u00edstica y la informaci\u00f3n de la diversidad que somos frente a la OMC<\/p>\n\n\n\n<p><strong>Cu\u00e1ndo<\/strong><\/p>\n\n\n\n<p>Del 7 al 14 de septiembre en el marco de la semana de movilizaci\u00f3n globlal contra la OMC<\/p>\n","protected":false},"excerpt":{"rendered":"<p>Desde el mes de noviembre del a\u00f1o 2002 diversas organizaciones y movimientos sociales y civiles, nacionales e internacionales hemos participado en espacios de discusi\u00f3n, reflexi\u00f3n y propuesta en miras de ir construyendo el camino frente a 5\u00aa Reuni\u00f3n Ministerial de la Organizaci\u00f3n Mundial de Comercio (OMC) \u2013Septiembre 10-14 en Canc\u00fan. Claros en que lejos de [&hellip;]<\/p>\n","protected":false},"author":1,"featured_media":0,"parent":0,"menu_order":0,"comment_status":"closed","ping_status":"closed","template":"","meta":[],"_links":{"self":[{"href":"https:\/\/omcmexico.org\/index.php?rest_route=\/wp\/v2\/pages\/6"}],"collection":[{"href":"https:\/\/omcmexico.org\/index.php?rest_route=\/wp\/v2\/pages"}],"about":[{"href":"https:\/\/omcmexico.org\/index.php?rest_route=\/wp\/v2\/types\/page"}],"author":[{"embeddable":true,"href":"https:\/\/omcmexico.org\/index.php?rest_route=\/wp\/v2\/users\/1"}],"replies":[{"embeddable":true,"href":"https:\/\/omcmexico.org\/index.php?rest_route=%2Fwp%2Fv2%2Fcomments&post=6"}],"version-history":[{"count":1,"href":"https:\/\/omcmexico.org\/index.php?rest_route=\/wp\/v2\/pages\/6\/revisions"}],"predecessor-version":[{"id":13,"href":"https:\/\/omcmexico.org\/index.php?rest_route=\/wp\/v2\/pages\/6\/revisions\/13"}],"wp:attachment":[{"href":"https:\/\/omcmexico.org\/index.php?rest_route=%2Fwp%2Fv2%2Fmedia&parent=6"}],"curies":[{"name":"wp","href":"https:\/\/api.w.org\/{rel}","templated":true}]}}

<figure class="wp-block-image size-large"><img loading="lazy" width="1024" height="512" src="http://omcmexico.org/wp-content/uploads/2022/05/99-1024x512.jpg" alt="" class="wp-image-12" srcset="https://omcmexico.org/wp-content/uploads/2022/05/99-1024x512.jpg 1024w, https://omcmexico.org/wp-content/uploads/2022/05/99-300x150.jpg 300w, https://omcmexico.org/wp-content/uploads/2022/05/99-768x384.jpg 768w, https://omcmexico.org/wp-content/uploads/2022/05/99-1536x768.jpg 1536w, https://omcmexico.org/wp-content/uploads/2022/05/99-1568x784.jpg 1568w, https://omcmexico.org/wp-content/uploads/2022/05/99.jpg 1585w" sizes="(max-width: 1024px) 100vw, 1024px" /></figure>



<p>Desde el mes de noviembre del año 2002 diversas organizaciones y movimientos sociales y civiles, nacionales e internacionales hemos participado en espacios de discusión, reflexión y propuesta en miras de ir construyendo el camino frente a 5ª Reunión Ministerial de la Organización Mundial de Comercio (OMC) –Septiembre 10-14 en Cancún.</p>



<p>Claros en que lejos de homogenizar, este tipo de globalización, polariza; y que la única alternativa en este momento es unir nuestras voces, acciones y propuestas para una alter-globalización o una globalización alternativa.</p>



<p><strong>Que hacemos</strong></p>



<p>En este caminar hemos ido construyendo diversas iniciativas que permitan articular nuestras demandas, nuestras agendas y nuestra mirada en contra el modelo de globalización comercial en el que estamos metidos los pueblos del mundo, y que claramente ha demostrado la exclusión de las mayorías que día a día nos vemos afectados en diversos planos. Así, hemos coincidido en un espacio de diálogo y de construcción Rumbo a Cancún.</p>



<p><strong>Objetivo</strong></p>



<p>Participar de manera coordinada y organizada en las distintas iniciativas de acción frente a la Cumbre Ministerial de la OMC en el Foro de los Pueblos, y genmerar una discusiòn sobre las alternativas a las polìticas comerciales que impone el mercado y sus grandes capitales</p>



<p><strong>Para qué</strong></p>



<p>Para acuerpar una serie de demandas diversas, multitemáticas y multisectoriales hemos coincidido en construir el Foro de los Pueblos, por una Alternativa Frente al Libre Comercio; desde donde podemos establecer diálogos y acuerdos desde las distintas preocupaciones que tenemos con respecto a las consecuencias de exclusión que ha causado el libre comercio.</p>



<p>Al mismo tiempo, alrededor del Foro de los Pueblos, existen iniciativas independientes, que manifiestan la diversidad que somos y que nos une y enqirquece; desde este espacio queremos facilitar el fluir de información, que nos permita manifestarnos de manera conjunta, desde nuestras propias estrategias.</p>



<p><strong>Cómo</strong></p>



<p>Por medio de un espacio que facilite el diálogo, la logística y la información de la diversidad que somos frente a la OMC</p>



<p><strong>Cuándo</strong></p>



<p>Del 7 al 14 de septiembre en el marco de la semana de movilización globlal contra la OMC</p>

<p>Desde el mes de noviembre del año 2002 diversas organizaciones y movimientos sociales y civiles, nacionales e internacionales hemos participado en espacios de discusión, reflexión y propuesta en miras de ir construyendo el camino frente a 5ª Reunión Ministerial de la Organización Mundial de Comercio (OMC) –Septiembre 10-14 en Cancún. Claros en que lejos de [&hellip;]</p>
