{"id":8,"date":"2022-05-22T09:53:22","date_gmt":"2022-05-22T09:53:22","guid":{"rendered":"http:\/\/omcmexico.org\/?page_id=8"},"modified":"2022-05-22T09:53:24","modified_gmt":"2022-05-22T09:53:24","slug":"calendario","status":"publish","type":"page","link":"https:\/\/omcmexico.org\/?page_id=8","title":{"rendered":"CALENDARIO"},"content":{"rendered":"\n<figure class=\"wp-block-table\"><table><tbody><tr><td><strong>DIA<\/strong><\/td><td><strong>EVENTO<\/strong><\/td><td><strong>LUGAR<\/strong><\/td><\/tr><tr><td>6-7<\/td><td>Taller .Comercio Internacional, seus impactos sociais e ambientais: os casos do agronegocio do camarao e dos produtos intensivos em energia.<\/td><td>R\u00edo de JaneiroInstituto Terrazul<\/td><\/tr><tr><td>6, 7 y 8<\/td><td>Encuentro .O que est\u00e1 em jogo na OMC.(Rede Economia e Feminismo do Brasil)<\/td><td>Sau Paulo, Brasil<\/td><\/tr><tr><td>7<\/td><td>Concentraci\u00f3n Acto cultural en el Z\u00f3calo<\/td><td>D.F.<\/td><\/tr><tr><td>7-9<\/td><td>Seminario .Eficiencia energ\u00e9tica e uso de fontes renovaveis na matriz energ\u00e9tica brasileira<\/td><td>Angra dos Reis(Instituto Terrazul.<\/td><\/tr><tr><td>14-16<\/td><td>Taller Regional OMC Centro, Sur, Occidente<\/td><td>Tlaxcala<\/td><\/tr><tr><td>&nbsp;<\/td><td>Taller Regional OMC<\/td><td>D.F.<\/td><\/tr><tr><td>28-30<\/td><td>Seminario sobre o Comercio no contexto das Negociacoes da ALCA e da OMC (Terrazul, Rebrip y Fetraece)<\/td><td>Instituto Terrazul<\/td><\/tr><\/tbody><\/table><\/figure>\n","protected":false},"excerpt":{"rendered":"<p>DIA EVENTO LUGAR 6-7 Taller .Comercio Internacional, seus impactos sociais e ambientais: os casos do agronegocio do camarao e dos produtos intensivos em energia. R\u00edo de JaneiroInstituto Terrazul 6, 7 y 8 Encuentro .O que est\u00e1 em jogo na OMC.(Rede Economia e Feminismo do Brasil) Sau Paulo, Brasil 7 Concentraci\u00f3n Acto cultural en el Z\u00f3calo [&hellip;]<\/p>\n","protected":false},"author":1,"featured_media":0,"parent":0,"menu_order":0,"comment_status":"closed","ping_status":"closed","template":"","meta":[],"_links":{"self":[{"href":"https:\/\/omcmexico.org\/index.php?rest_route=\/wp\/v2\/pages\/8"}],"collection":[{"href":"https:\/\/omcmexico.org\/index.php?rest_route=\/wp\/v2\/pages"}],"about":[{"href":"https:\/\/omcmexico.org\/index.php?rest_route=\/wp\/v2\/types\/page"}],"author":[{"embeddable":true,"href":"https:\/\/omcmexico.org\/index.php?rest_route=\/wp\/v2\/users\/1"}],"replies":[{"embeddable":true,"href":"https:\/\/omcmexico.org\/index.php?rest_route=%2Fwp%2Fv2%2Fcomments&post=8"}],"version-history":[{"count":1,"href":"https:\/\/omcmexico.org\/index.php?rest_route=\/wp\/v2\/pages\/8\/revisions"}],"predecessor-version":[{"id":15,"href":"https:\/\/omcmexico.org\/index.php?rest_route=\/wp\/v2\/pages\/8\/revisions\/15"}],"wp:attachment":[{"href":"https:\/\/omcmexico.org\/index.php?rest_route=%2Fwp%2Fv2%2Fmedia&parent=8"}],"curies":[{"name":"wp","href":"https:\/\/api.w.org\/{rel}","templated":true}]}}

<figure class="wp-block-table"><table><tbody><tr><td><strong>DIA</strong></td><td><strong>EVENTO</strong></td><td><strong>LUGAR</strong></td></tr><tr><td>6-7</td><td>Taller .Comercio Internacional, seus impactos sociais e ambientais: os casos do agronegocio do camarao e dos produtos intensivos em energia.</td><td>Río de JaneiroInstituto Terrazul</td></tr><tr><td>6, 7 y 8</td><td>Encuentro .O que está em jogo na OMC.(Rede Economia e Feminismo do Brasil)</td><td>Sau Paulo, Brasil</td></tr><tr><td>7</td><td>Concentración Acto cultural en el Zócalo</td><td>D.F.</td></tr><tr><td>7-9</td><td>Seminario .Eficiencia energética e uso de fontes renovaveis na matriz energética brasileira</td><td>Angra dos Reis(Instituto Terrazul.</td></tr><tr><td>14-16</td><td>Taller Regional OMC Centro, Sur, Occidente</td><td>Tlaxcala</td></tr><tr><td>&nbsp;</td><td>Taller Regional OMC</td><td>D.F.</td></tr><tr><td>28-30</td><td>Seminario sobre o Comercio no contexto das Negociacoes da ALCA e da OMC (Terrazul, Rebrip y Fetraece)</td><td>Instituto Terrazul</td></tr></tbody></table></figure>

<p>DIA EVENTO LUGAR 6-7 Taller .Comercio Internacional, seus impactos sociais e ambientais: os casos do agronegocio do camarao e dos produtos intensivos em energia. Río de JaneiroInstituto Terrazul 6, 7 y 8 Encuentro .O que está em jogo na OMC.(Rede Economia e Feminismo do Brasil) Sau Paulo, Brasil 7 Concentración Acto cultural en el Zócalo [&hellip;]</p>
